6. Let w be q(f). What is j(w)?
-6
Let s(f) be the first derivative of f**3/3 + 3*f**2/2 - 3*f - 1. Give s(-6).
15
Let n(j) = -638*j. Let s = -16 + 18. Suppose 0 = -3*f + s*g + 4, -4*f = -2*f - 4*g. Let k(o) = 13*o. Let r(h) = f*n(h) + 99*k(h). Calculate r(1).
11
Let w(x) = -x**2 + 6*x + 5. Let u = 14 + -8. Let v(j) = 2 - 4 - 2*j - 1 - u. Let a be v(-7). Give w(a).
10
Let c = -970 + 956. Let r(q) = -q**2 - 12*q + 7. Determine r(c).
-21
Let f(v) = 4*v**2 - 8*v - 34. Let m(h) = h**2 - 4*h - 1. Let i(k) = f(k) - 5*m(k). What is i(6)?
7
Let g(p) be the second derivative of p**5/20 + 7*p**4/12 - 13*p**3/6 - 5*p**2/2 + 460*p. What is g(-9)?
-50
Suppose 37*a - 37 = 37. Let r(q) = -5*q**3 + 6*q**2 + 3. Let v(w) = -4*w**3 + 5*w**2 - w + 3. Let o(z) = 2*r(z) - 3*v(z). Calculate o(a).
7
Let f = 30 - 18. Let z(k) = -3*k + 4*k**2 - f*k**2 + 7*k**2 - 2 + k**3. Determine z(3).
7
Let c(w) = w**2 - 2*w - 5. Let m be c(4). Let a be 1 + 2 + m + -4. Let g = 3 + a. Let u(z) = -z + 4. Determine u(g).
-1
Let v = -25 - -94. Suppose v = -2*m + 81. Let p(j) = j + 7. Calculate p(m).
13
Let t(j) = -j**2 + 1. Let d(s) = 6*s**2 + s - 9. Let l(i) = d(i) + 2*t(i). Determine l(-3).
26
Let j(a) = 2 + 0*a - 3*a**3 + 2*a**3 + 3*a**2 - 22*a - 18*a + 47*a. Let r = 8 - 3. Give j(r).
-13
Suppose -141 = -2*l + 4*k + 37, 5*l - 4*k - 463 = 0. Suppose -l = 5*n + 55. Let i be n/12 + 2/4. Let m(j) = -3*j**2 - 2. What is m(i)?
-14
Let t(g) be the first derivative of g**4/4 + 7*g**3/3 - g**2/2 - 3*g - 668. What is t(-6)?
39
Let c(h) be the first derivative of -h - 6 + 1 - 13 + h**2. What is c(3)?
5
Let q(c) = -c**3 - 7*c**2 + c + 7. Suppose -84*r - 505 = 83. Calculate q(r).
0
Let g(m) = -m**2 + 28*m + 20. Let t be (-4)/(-3 - -2) + (9 - -16). Let i be g(t). Let l(k) = -k**2 - 7*k + 8. Calculate l(i).
-10
Let i be (-85)/51*6/2. Suppose 2*v + 5 = v, 30 = 2*o - 4*v. Let w(l) = 10*l**2 + 2*l - 5. Let k(r) = -7*r**2 - r + 3. Let b(c) = o*w(c) + 7*k(c). What is b(i)?
6
Let d(u) = u**2 + 9*u + 22. Let t be (14 - 9 - 19)/2. What is d(t)?
8
Let h(o) be the first derivative of -o**2/2 - 6*o - 98. What is h(5)?
-11
Let g(k) = -52*k + 3. Let t be g(-1). Let f = 48 - t. Let u(v) = -v**2 - 6*v - 6. Give u(f).
-13
Let m(f) = -f**3 + 5*f**2 - 4*f. Let r be m(3). Suppose -13*p + 12 = -9*p. Let q(y) = -2*y - 2*y + p*y + 3. Determine q(r).
-3
Let y(u) = -u**2 + 8. Suppose -9 = -d - 3. Suppose d*b - 10*b = 0. Determine y(b).
8
Let h(t) be the first derivative of -t**6/360 - t**5/20 + t**4/8 - 13*t**3 - 2. Let a(y) be the third derivative of h(y). Determine a(-7).
-4
Let m = -3 - -5. Suppose z + 2*z - 6 = 0. Let d(q) = 8*q**2 + 3*q - 3*q**z - m*q. Give d(-1).
4
Let h be (-90)/(-20) + 6/(-4). Suppose 5*u = -3 + 13. Let o(l) = 0*l**u + 2*l - 4*l**2 + 2*l**2 + 1 + 2*l. Determine o(h).
-5
Let m(x) = -x**2 + 8*x - 5. Suppose -9*b + 18 = -8*b. Let i be (b/(-8))/(9/(-24)). What is m(i)?
7
Let b be 3/(-9) + ((-112)/(-3))/7. Let d(u) = 4*u - 24. Let n be d(b). Let s(j) = j**3 + 3*j**2 - 4*j + 4. Determine s(n).
4
Let l(c) = -41817 + 41817 + 4*c. Let t(x) = x**3 - 2*x**2 - 2*x - 2. Let o be t(3). What is l(o)?
4
Let s(q) = -q**3 + 5*q**2 - 3*q + 2. Suppose 5*g + 2 = -y + 51, 3*g - 12 = 0. Let m = y + -25. Suppose 5*a + m*u = -1, -5*a - 3*u + 7*u + 31 = 0. Give s(a).
11
Let z be 21/42*(3 + -2 + -1). Let b(y) = 0*y - 2 + z + y - 15. Determine b(0).
-17
Let m(c) = -2*c + 1. Suppose x - 4*x + 39 = 3*q, 0 = -x + 4*q + 8. Suppose -v - x = 2*v. Calculate m(v).
9
Let s(f) = 2*f + 12. Let j be -2*7/(-21)*(0 + -3). What is s(j)?
8
Let z(o) = o**2 - 2*o - 7. Let w be z(5). Let i(l) = 9*l - w*l + 7*l. Calculate i(2).
16
Suppose -5*g = -4*d - 142, -5*g - 69 = 5*d + 131. Let b = -45 - d. Let z(p) = -p**3 + 0*p - 8*p**2 - 6*p + 0*p + 7. What is z(b)?
0
Let i(t) = t**2 + 2*t + 4. Let v = 243 - 246. Give i(v).
7
Let u(t) be the first derivative of t**4/24 - t**3/3 - t**2 - 2. Let f(j) be the second derivative of u(j). Let g = 15 + -12. Give f(g).
1
Let d(w) = -2*w - 3. Let r be d(-2). Let u be 3*(r + 4/2). Suppose 6*c - 3 = u*c. Let l(v) = 9*v**2 + v + 1. What is l(c)?
9
Let y be (630/(-350))/(3/(-10)). Let f(n) = n**3 - 8*n**2 + 4*n + 8. What is f(y)?
-40
Let m(p) be the second derivative of -7/2*p**2 + 0 - 36*p - 1/6*p**3. Calculate m(-8).
1
Let n be 2/5 - 18/(-5). Let u(o) be the third derivative of o**3 + 0*o - 15*o**2 - 1/6*o**4 + 0. Determine u(n).
-10
Let c(r) be the third derivative of 0 + 5*r**2 + 0*r**3 + 0*r + 0*r**5 - 1/720*r**6 + 3/8*r**4. Let q(y) be the second derivative of c(y). Determine q(2).
-2
Let w(k) = -k + 5. Let z be w(5). Suppose z*j - 5*j = -65. Let p(u) = 4 - 3*u - j + 9. Give p(-1).
3
Let d(m) be the first derivative of -5/3*m**3 + 1/4*m**4 - 2*m + 43 + 1/2*m**2. What is d(4)?
-14
Let k(b) = -b**3 + 2*b**2 + 13 - 23 - b + 3*b + 8. Suppose 3 = -v - 3*n, -6*v + 19 = -v - 2*n. What is k(v)?
-5
Let a(m) be the second derivative of -m**5/20 - m**4/4 - m**3/3 - 8*m. Suppose 0 = 5*j - 4*k + 10, -5*j - 2*k - 1 - 9 = 0. What is a(j)?
0
Let y(q) = -5. Let o(k) = -7*k + 10. Let g(w) = o(w) + 3*y(w). What is g(-5)?
30
Let f(v) = -5*v**3 + 2*v**2 - 6*v - 5. Let y(i) = 7*i**3 - 2*i**2 + 7*i + 6. Let l(a) = -4*f(a) - 3*y(a). Calculate l(-2).
-4
Let t(g) = g - 5. Let a be t(-4). Let p be a/(-6)*10/3. Let l(c) = c**3 - 7*c**2 + 6. Let x(u) = u**2 - u. Let f(z) = l(z) + 2*x(z). Calculate f(p).
-4
Suppose -9*q = -3*q - 42. Let b(p) = p**3 - 7*p**2 - 2*p + 10. What is b(q)?
-4
Let j(n) = 2*n - 3. Suppose 0 = -3*v - 9, -2*b + v + 5 = -0*v. Let l(z) = -z. Let h = 2 - -1. Let w(t) = b*j(t) + h*l(t). Calculate w(-4).
1
Let p = 21 + -14. Let z(x) = 9*x - 11. Let w(m) = -4*m + 5. Let h(s) = p*w(s) + 3*z(s). Let q = -241 + 246. Calculate h(q).
-3
Suppose 52 = 4*g + 4*i, g + i - 46 = -3*g. Let m(o) = 79 - 4*o - 80 + g*o. Suppose 5*a = -0*t - 3*t + 14, 3*t - 5 = 4*a. Give m(a).
6
Let m = 1 + -1. Suppose 8 + 1 = 3*d. Let o(w) = 7 + d + 0*w - 4 - w. Calculate o(m).
6
Let h(o) = o**2 + 2*o - 1. Let n(r) = -1 + 4*r + 3*r - 8*r + 0*r. Let j(t) = -h(t) - 3*n(t). Give j(3).
-2
Suppose z - 2*p - 11 = -5*p, 4*z - 30 = -5*p. Let u(c) = 843470 - 2*c**2 + 4*c - 843472 + 3*c. What is u(z)?
-17
Let r(x) be the third derivative of -x**7/1680 - x**6/90 - 17*x**5/60 - 9*x**2. Let j(f) be the third derivative of r(f). Determine j(-6).
10
Let b(n) = -4*n - 1. Let r(c) = 9*c + 1. Let y = -1 + 4. Let p(q) = y*r(q) + 7*b(q). Let w be p(-2). Let v(x) = -x**3 - 2*x. Give v(w).
12
Let u(b) = -b**3 + 6*b**2 + 7*b. Let y be u(7). Suppose 3*v - 5 - 4 = 0. Let c(o) = -4*o + 1 + 4 + v*o + 1. What is c(y)?
6
Let i(q) be the third derivative of -q**4/24 - 3*q**3/2 - 126*q**2. Let h be (-3)/(-9) + 39/(-9). Let o be 57/(-12) + 1/h. Calculate i(o).
-4
Let p(c) = -c**2 + 24*c - 143. Let n be p(15). Let j(g) = 3*g + 13. Give j(n).
-11
Let h(o) be the third derivative of -o**4/24 + o**3/3 - o**2 + 8. What is h(-17)?
19
Let s(c) = 17*c**2 - 30*c + 38. Let j(y) = 7*y**2 - 12*y + 15. Let b(q) = -12*j(q) + 5*s(q). Let w = 6 + 1. Give b(w).
17
Let t be 6/8*(-20)/((-100)/20). Let h(q) = 0*q + 2*q - 2 - 1. What is h(t)?
3
Let o(s) = s**2 - 5 - s**3 - 4*s + s - 12*s + 19*s. Calculate o(2).
-1
Let m(x) = 4*x. Let g be m(2). Let k(l) be the second derivative of l**5/20 - 2*l**4/3 + l**3/6 - 4*l**2 + 4*l - 8. Determine k(g).
0
Let g(u) be the third derivative of u**4/3 + u**3/6 - 18*u**2. Let r = 6 + -5. Suppose -3*o = -4*o + 2*c + 7, -2*o - r = c. Calculate g(o).
9
Let s(y) = 13*y + y**2 - 10 + 9 + 15 + 0*y**2. Determine s(-11).
-8
Let x(g) = -2*g**2 + g - 4. Let z(u) = u**2 - 3*u + 1. Let n(t) = 2*x(t) + 3*z(t). Let o(k) = -2*k**2 + 2*k - 2 + 2*k - k**2. Let b be o(2). Give n(b).
1
Let b(s) = -6*s**3 + s**2 + s - 2. Suppose 59*n - 16 = 51*n. Calculate b(n).
-44
Let h(t) = -5*t - 6. Let n be h(-7). Let a = -13 + n. Suppose k + d + 8 = 0, 4*k - k = d - a. Let u(j) = -j**3 - 7*j**2 - 8*j - 3. Give u(k).
9
Let i(r) = r**3 - 3*r**2 + 2*r. Let u be i(2). Suppose 2*j = 3*x - u*j - 13, 2*x = 5*j + 16. Let c(q) = x*q - 7*q + 5*q. Give c(-4).
-4
Let q(v) = 17*v**2 + 44*v + 8. Let j(n) = -5*n**2 - 14*n - 3. Let p(i) = -7*j(i) - 2*q(i). Calculate p(-9).
-4
Let c(b) = -b**3 + 3*b**2 - 3*b - 2. Let n be (-12)/((-12)/5) + -1. Give c(n).
-30
Let x(j) = 3*j**2 + 4*j - 3. Let u be (-30)/25*-10*4/24